{"id":99241,"date":"2025-01-31T14:00:24","date_gmt":"2025-01-31T13:00:24","guid":{"rendered":"http:\/\/www.lachapelledesflandres.fr\/?page_id=99241"},"modified":"2025-01-31T14:01:08","modified_gmt":"2025-01-31T13:01:08","slug":"chefs-dorchestre","status":"publish","type":"page","link":"https:\/\/www.lachapelledesflandres.fr\/index.php\/chefs-dorchestre\/","title":{"rendered":"Chefs d&#8217;orchestre"},"content":{"rendered":"\t\t<div data-elementor-type=\"wp-page\" data-elementor-id=\"99241\" class=\"elementor elementor-99241\" data-elementor-post-type=\"page\">\n\t\t\t\t<div class=\"elementor-element elementor-element-53c880c5 e-flex e-con-boxed e-con e-parent\" data-id=\"53c880c5\" data-element_type=\"container\">\n\t\t\t\t\t<div class=\"e-con-inner\">\n\t\t<div class=\"elementor-element elementor-element-1c200821 e-flex e-con-boxed e-con e-child\" data-id=\"1c200821\" data-element_type=\"container\">\n\t\t\t\t\t<div class=\"e-con-inner\">\n\t\t\t\t<div class=\"elementor-element elementor-element-15bfa36f elementor-widget-divider--view-line elementor-widget elementor-widget-divider\" data-id=\"15bfa36f\" data-element_type=\"widget\" data-widget_type=\"divider.default\">\n\t\t\t\t\t\t\t<div class=\"elementor-divider\">\n\t\t\t<span class=\"elementor-divider-separator\">\n\t\t\t\t\t\t<\/span>\n\t\t<\/div>\n\t\t\t\t\t\t<\/div>\n\t\t\t\t<div class=\"elementor-element elementor-element-40c99150 elementor-widget elementor-widget-text-editor\" data-id=\"40c99150\" data-element_type=\"widget\" data-widget_type=\"text-editor.default\">\n\t\t\t\t\t\t\t\t\t<p><strong>Maurice Bourbon<\/strong><\/p>\t\t\t\t\t\t\t\t<\/div>\n\t\t\t\t<div class=\"elementor-element elementor-element-1b2c64cc elementor-widget elementor-widget-image\" data-id=\"1b2c64cc\" data-element_type=\"widget\" data-widget_type=\"image.default\">\n\t\t\t\t\t\t\t\t\t\t\t\t\t\t\t<img fetchpriority=\"high\" decoding=\"async\" width=\"1024\" height=\"422\" src=\"https:\/\/www.lachapelledesflandres.fr\/wp-content\/uploads\/2024\/05\/Maurice-Bourbon-1024x422.png\" class=\"attachment-large size-large wp-image-98660\" alt=\"\" srcset=\"https:\/\/www.lachapelledesflandres.fr\/wp-content\/uploads\/2024\/05\/Maurice-Bourbon-1024x422.png 1024w, https:\/\/www.lachapelledesflandres.fr\/wp-content\/uploads\/2024\/05\/Maurice-Bourbon-300x124.png 300w, https:\/\/www.lachapelledesflandres.fr\/wp-content\/uploads\/2024\/05\/Maurice-Bourbon-768x316.png 768w, https:\/\/www.lachapelledesflandres.fr\/wp-content\/uploads\/2024\/05\/Maurice-Bourbon-1536x632.png 1536w, https:\/\/www.lachapelledesflandres.fr\/wp-content\/uploads\/2024\/05\/Maurice-Bourbon.png 1948w\" sizes=\"(max-width: 1024px) 100vw, 1024px\" \/>\t\t\t\t\t\t\t\t\t\t\t\t\t\t\t<\/div>\n\t\t\t\t<div class=\"elementor-element elementor-element-26ec12c3 elementor-widget elementor-widget-text-editor\" data-id=\"26ec12c3\" data-element_type=\"widget\" data-widget_type=\"text-editor.default\">\n\t\t\t\t\t\t\t\t\t<p>Maurice Bourbon, \u00e0 la fois compositeur, chanteur, chef de ch\u0153ur et \u00e9diteur fran\u00e7ais a cr\u00e9\u00e9 les ensembles vocaux regroup\u00e9s par La Chapelle des Flandres.<\/p>\t\t\t\t\t\t\t\t<\/div>\n\t\t\t\t\t<\/div>\n\t\t\t\t<\/div>\n\t\t<div class=\"elementor-element elementor-element-2c847995 e-flex e-con-boxed e-con e-child\" data-id=\"2c847995\" data-element_type=\"container\">\n\t\t\t\t\t<div class=\"e-con-inner\">\n\t\t\t\t<div class=\"elementor-element elementor-element-6a9a70b0 elementor-widget elementor-widget-text-editor\" data-id=\"6a9a70b0\" data-element_type=\"widget\" data-widget_type=\"text-editor.default\">\n\t\t\t\t\t\t\t\t\t<p>1983 : cr\u00e9ation de M\u00e9tamorphoses, ensemble\u00a0 vocal professionnel<\/p>\t\t\t\t\t\t\t\t<\/div>\n\t\t\t\t<div class=\"elementor-element elementor-element-bd7fb2 elementor-widget elementor-widget-text-editor\" data-id=\"bd7fb2\" data-element_type=\"widget\" data-widget_type=\"text-editor.default\">\n\t\t\t\t\t\t\t\t\t<p><span style=\"font-weight: 400;\">M\u00e9tamorphoses, compos\u00e9 de solistes internationaux, est pens\u00e9 comme un outil d&#8217;interpr\u00e9tation des grandes polyphonies vocales et a pour objectif de travailler le r\u00e9pertoire franco-flamand, dont Maurice Bourbon fait sa sp\u00e9cialit\u00e9.\u00a0<\/span><\/p><p><span style=\"font-weight: 400;\">C&#8217;est avec lui que Maurice Bourbon enregistre en 1994 les six motets de Bach a cappella, puis, entre autres, les Amours de Ronsard (A. de Bertrand), le 3\u00b0 livre de madrigaux de Monteverdi, les 5\u00b0 et 6\u00b0 livres de madrigaux de Gesualdo. Enfin il r\u00e9alise, de 2006 \u00e0 2021 l&#8217;enregistrement de l&#8217;int\u00e9grale des messes de Josquin Desprez.<\/span><\/p>\t\t\t\t\t\t\t\t<\/div>\n\t\t<div class=\"elementor-element elementor-element-4a1a46d7 e-flex e-con-boxed e-con e-child\" data-id=\"4a1a46d7\" data-element_type=\"container\">\n\t\t\t\t\t<div class=\"e-con-inner\">\n\t\t\t\t<div class=\"elementor-element elementor-element-1bd7c60a elementor-widget elementor-widget-text-editor\" data-id=\"1bd7c60a\" data-element_type=\"widget\" data-widget_type=\"text-editor.default\">\n\t\t\t\t\t\t\t\t\t<p>1987 : fondation de C\u0153li et Terra, ch\u0153ur de chambre amateur de haut niveau<\/p>\t\t\t\t\t\t\t\t<\/div>\n\t\t\t\t<div class=\"elementor-element elementor-element-37a0b580 elementor-widget elementor-widget-text-editor\" data-id=\"37a0b580\" data-element_type=\"widget\" data-widget_type=\"text-editor.default\">\n\t\t\t\t\t\t\t\t\tMaurice Bourbon fonde ensuite le ch\u0153ur de chambre Coeli et Terra, dont le but premier est la restitution de la polyphonie franco-flamande en m\u00eame temps que celle d\u2019autres grandes \u0153uvres polyphoniques. \nIl entame alors au fil des ans une r\u00e9flexion approfondie sur la forme du concert, tentant d\u2019en gommer les conventions et de r\u00e9pondre, dans le m\u00eame temps, aux caract\u00e9ristiques uniques, spatiales et acoustiques, d\u2019un lieu (Locus solus, Sur un fil, Il \u00e9tait une voix\u2026).\t\t\t\t\t\t\t\t<\/div>\n\t\t\t\t\t<\/div>\n\t\t\t\t<\/div>\n\t\t<div class=\"elementor-element elementor-element-2c4e71c0 e-flex e-con-boxed e-con e-child\" data-id=\"2c4e71c0\" data-element_type=\"container\">\n\t\t\t\t\t<div class=\"e-con-inner\">\n\t\t\t\t<div class=\"elementor-element elementor-element-7d050848 elementor-widget elementor-widget-text-editor\" data-id=\"7d050848\" data-element_type=\"widget\" data-widget_type=\"text-editor.default\">\n\t\t\t\t\t\t\t\t\t<p>2005 : naissance de Biscantor ! pour les jeunes chanteurs polyphonistes de talent<\/p>\t\t\t\t\t\t\t\t<\/div>\n\t\t\t\t<div class=\"elementor-element elementor-element-27c191f6 elementor-widget elementor-widget-text-editor\" data-id=\"27c191f6\" data-element_type=\"widget\" data-widget_type=\"text-editor.default\">\n\t\t\t\t\t\t\t\t\tApr\u00e8s avoir souvent constat\u00e9 des carences dans la formation des chanteurs confront\u00e9s aux rigueurs de la polyphonie vocale, Maurice Bourbon d\u00e9cide d&#8217;y rem\u00e9dier en formant lui-m\u00eame \u00e0 l&#8217;art vocal de jeunes chanteurs polyphonistes de 18 \u00e0 28 ans avec le nouvel ensemble Biscantor !. Il fera participer \u00e0 l&#8217;enregistrement des messes de Josquin Desprez les plus prometteurs des talents de Biscantor !\t\t\t\t\t\t\t\t<\/div>\n\t\t\t\t\t<\/div>\n\t\t\t\t<\/div>\n\t\t<div class=\"elementor-element elementor-element-3bd84ba5 e-flex e-con-boxed e-con e-child\" data-id=\"3bd84ba5\" data-element_type=\"container\">\n\t\t\t\t\t<div class=\"e-con-inner\">\n\t\t\t\t<div class=\"elementor-element elementor-element-12f82e48 elementor-widget elementor-widget-text-editor\" data-id=\"12f82e48\" data-element_type=\"widget\" data-widget_type=\"text-editor.default\">\n\t\t\t\t\t\t\t\t\tDe l&#8217;harmonisation \u00e0 la composition\t\t\t\t\t\t\t\t<\/div>\n\t\t\t\t<div class=\"elementor-element elementor-element-6f06df16 elementor-widget elementor-widget-text-editor\" data-id=\"6f06df16\" data-element_type=\"widget\" data-widget_type=\"text-editor.default\">\n\t\t\t\t\t\t\t\t\t<p><span style=\"font-weight: 400;\">Depuis 1991<\/span><span style=\"font-weight: 400;\">, Maurice Bourbon compose de plus en plus pour les ensembles vocaux, voire instrumentaux (instruments de verre, accord\u00e9on, contrebasse\u2026), se donnant ainsi des moyens suppl\u00e9mentaires d\u2019exploration sonore.<\/span><\/p><p><span style=\"font-weight: 400;\">Parall\u00e8lement, il cr\u00e9e en 1990 un outil de formation vocale en Loz\u00e8re, <\/span><span style=\"font-weight: 400;\">Atelier Vocal en C\u00e9vennes<\/span><span style=\"font-weight: 400;\"> ainsi qu&#8217;un autre outil d\u2019exp\u00e9rimentation sonore, l\u2019<\/span><span style=\"font-weight: 400;\">Ensemble vocal de Molezon<\/span><span style=\"font-weight: 400;\">.<\/span><\/p>\t\t\t\t\t\t\t\t<\/div>\n\t\t\t\t<div class=\"elementor-element elementor-element-5bd28391 elementor-widget elementor-widget-button\" data-id=\"5bd28391\" data-element_type=\"widget\" data-widget_type=\"button.default\">\n\t\t\t\t\t\t\t\t\t\t<a class=\"elementor-button elementor-button-link elementor-size-sm\" href=\"https:\/\/singulars.fr\/culture\/le-carnet-de-lecture-de-maurice-bourbon-chef-de-choeur-la-chapelle-des-flandres\" id=\"https:\/\/singulars.fr\/culture\/le-carnet-de-lecture-de-maurice-bourbon-chef-de-choeur-la-chapelle-des-flandres\">\n\t\t\t\t\t\t<span class=\"elementor-button-content-wrapper\">\n\t\t\t\t\t\t\t\t\t<span class=\"elementor-button-text\">En savoir plus<\/span>\n\t\t\t\t\t<\/span>\n\t\t\t\t\t<\/a>\n\t\t\t\t\t\t\t\t<\/div>\n\t\t\t\t\t<\/div>\n\t\t\t\t<\/div>\n\t\t\t\t\t<\/div>\n\t\t\t\t<\/div>\n\t\t\t\t<div class=\"elementor-element elementor-element-3e543389 elementor-widget-divider--view-line elementor-widget elementor-widget-divider\" data-id=\"3e543389\" data-element_type=\"widget\" data-widget_type=\"divider.default\">\n\t\t\t\t\t\t\t<div class=\"elementor-divider\">\n\t\t\t<span class=\"elementor-divider-separator\">\n\t\t\t\t\t\t<\/span>\n\t\t<\/div>\n\t\t\t\t\t\t<\/div>\n\t\t\t\t\t<\/div>\n\t\t\t\t<\/div>\n\t\t<div class=\"elementor-element elementor-element-61f97649 e-flex e-con-boxed e-con e-child\" data-id=\"61f97649\" data-element_type=\"container\">\n\t\t\t\t\t<div class=\"e-con-inner\">\n\t\t<div class=\"elementor-element elementor-element-62d63788 e-con-full e-flex e-con e-child\" data-id=\"62d63788\" data-element_type=\"container\">\n\t\t\t\t<div class=\"elementor-element elementor-element-21719009 elementor-widget elementor-widget-heading\" data-id=\"21719009\" data-element_type=\"widget\" data-widget_type=\"heading.default\">\n\t\t\t\t\t<h2 class=\"elementor-heading-title elementor-size-default\">Contacts<\/h2>\t\t\t\t<\/div>\n\t\t\t\t<\/div>\n\t\t<div class=\"elementor-element elementor-element-3d8b9023 e-con-full e-flex e-con e-child\" data-id=\"3d8b9023\" data-element_type=\"container\">\n\t\t\t\t<div class=\"elementor-element elementor-element-7b6ef023 elementor-widget__width-initial elementor-widget elementor-widget-text-editor\" data-id=\"7b6ef023\" data-element_type=\"widget\" data-widget_type=\"text-editor.default\">\n\t\t\t\t\t\t\t\t\t<h4><strong>Maurice Bourbon : <\/strong><a href=\"mailto:bourbonma@wanadoo.fr\"><span style=\"font-weight: 400;\">bourbonma@wanadoo.fr<\/span><\/a><\/h4>\t\t\t\t\t\t\t\t<\/div>\n\t\t\t\t<\/div>\n\t\t\t\t\t<\/div>\n\t\t\t\t<\/div>\n\t\t<div class=\"elementor-element elementor-element-1b7ec783 e-flex e-con-boxed e-con e-parent\" data-id=\"1b7ec783\" data-element_type=\"container\">\n\t\t\t\t\t<div class=\"e-con-inner\">\n\t\t<div class=\"elementor-element elementor-element-3e503a32 e-flex e-con-boxed e-con e-child\" data-id=\"3e503a32\" data-element_type=\"container\">\n\t\t\t\t\t<div class=\"e-con-inner\">\n\t\t\t\t<div class=\"elementor-element elementor-element-42ed7e61 elementor-widget-divider--view-line elementor-widget elementor-widget-divider\" data-id=\"42ed7e61\" data-element_type=\"widget\" data-widget_type=\"divider.default\">\n\t\t\t\t\t\t\t<div class=\"elementor-divider\">\n\t\t\t<span class=\"elementor-divider-separator\">\n\t\t\t\t\t\t<\/span>\n\t\t<\/div>\n\t\t\t\t\t\t<\/div>\n\t\t\t\t<div class=\"elementor-element elementor-element-28564b52 elementor-widget elementor-widget-text-editor\" data-id=\"28564b52\" data-element_type=\"widget\" data-widget_type=\"text-editor.default\">\n\t\t\t\t\t\t\t\t\t<p><b>Fran\u00e7ois Grenier<\/b><\/p>\t\t\t\t\t\t\t\t<\/div>\n\t\t\t\t<div class=\"elementor-element elementor-element-587aac6 elementor-widget elementor-widget-image\" data-id=\"587aac6\" data-element_type=\"widget\" data-widget_type=\"image.default\">\n\t\t\t\t\t\t\t\t\t\t\t\t\t\t\t<img decoding=\"async\" width=\"1024\" height=\"419\" src=\"https:\/\/www.lachapelledesflandres.fr\/wp-content\/uploads\/2024\/05\/Francois-Grenier-1024x419.png\" class=\"attachment-large size-large wp-image-98683\" alt=\"\" srcset=\"https:\/\/www.lachapelledesflandres.fr\/wp-content\/uploads\/2024\/05\/Francois-Grenier-1024x419.png 1024w, https:\/\/www.lachapelledesflandres.fr\/wp-content\/uploads\/2024\/05\/Francois-Grenier-300x123.png 300w, https:\/\/www.lachapelledesflandres.fr\/wp-content\/uploads\/2024\/05\/Francois-Grenier-768x315.png 768w, https:\/\/www.lachapelledesflandres.fr\/wp-content\/uploads\/2024\/05\/Francois-Grenier-1536x629.png 1536w, https:\/\/www.lachapelledesflandres.fr\/wp-content\/uploads\/2024\/05\/Francois-Grenier.png 1958w\" sizes=\"(max-width: 1024px) 100vw, 1024px\" \/>\t\t\t\t\t\t\t\t\t\t\t\t\t\t\t<\/div>\n\t\t\t\t<div class=\"elementor-element elementor-element-7559fc56 elementor-widget elementor-widget-text-editor\" data-id=\"7559fc56\" data-element_type=\"widget\" data-widget_type=\"text-editor.default\">\n\t\t\t\t\t\t\t\t\t<p><b>En f\u00e9vrier 2020, les chanteurs de C\u0153li et Terra ont perdu un de leurs chefs, Fran\u00e7ois Grenier, chef de ch\u0153ur de l&#8217;ensemble Coeli et Terra de XXXX \u00e0 XXXX, d\u00e9c\u00e9d\u00e9 \u00e0 l\u2019\u00e2ge de 39 ans.<\/b><\/p>\t\t\t\t\t\t\t\t<\/div>\n\t\t\t\t\t<\/div>\n\t\t\t\t<\/div>\n\t\t<div class=\"elementor-element elementor-element-7c0b3c86 e-flex e-con-boxed e-con e-child\" data-id=\"7c0b3c86\" data-element_type=\"container\">\n\t\t\t\t\t<div class=\"e-con-inner\">\n\t\t\t\t<div class=\"elementor-element elementor-element-e80a0af elementor-widget elementor-widget-text-editor\" data-id=\"e80a0af\" data-element_type=\"widget\" data-widget_type=\"text-editor.default\">\n\t\t\t\t\t\t\t\t\t<p>Pianiste, claveciniste et chef de ch\u0153ur<\/p>\t\t\t\t\t\t\t\t<\/div>\n\t\t\t\t<div class=\"elementor-element elementor-element-26705f07 elementor-widget elementor-widget-text-editor\" data-id=\"26705f07\" data-element_type=\"widget\" data-widget_type=\"text-editor.default\">\n\t\t\t\t\t\t\t\t\t<p><span style=\"font-weight: 400;\">Fran\u00e7ois Grenier a fait des \u00e9tudes de piano, clavecin, musique ancienne, chant, \u00e9criture et musicologie \u00e0 l\u2019ENM de Valenciennes et au CRR de Lille, puis de direction de ch\u0153ur au Conservatoire royal de Mons en Belgique. Il a men\u00e9 ensuite \u00e0 la fois une activit\u00e9 de chef de ch\u0153ur (Chapelle des Flandres, Ch\u0153ur r\u00e9gional Hauts-de-France, Madrigal de Lille, Atelier choral du conservatoire de Tourcoing, Ma\u00eetrise bor\u00e9ale) et de claveciniste, dans un tr\u00e8s large r\u00e9pertoire allant de la musique ancienne \u00e0 la musique contemporaine. Il \u00e9tait codirecteur de l\u2019ensemble Hemiolia en r\u00e9sidence au th\u00e9\u00e2tre de Calais depuis 2015.<\/span><\/p>\t\t\t\t\t\t\t\t<\/div>\n\t\t<div class=\"elementor-element elementor-element-306f77e6 e-flex e-con-boxed e-con e-child\" data-id=\"306f77e6\" data-element_type=\"container\">\n\t\t\t\t\t<div class=\"e-con-inner\">\n\t\t\t\t<div class=\"elementor-element elementor-element-5737d3a9 elementor-widget elementor-widget-text-editor\" data-id=\"5737d3a9\" data-element_type=\"widget\" data-widget_type=\"text-editor.default\">\n\t\t\t\t\t\t\t\t\t<p>Hommages<\/p>\t\t\t\t\t\t\t\t<\/div>\n\t\t\t\t<div class=\"elementor-element elementor-element-60148a2b elementor-widget elementor-widget-text-editor\" data-id=\"60148a2b\" data-element_type=\"widget\" data-widget_type=\"text-editor.default\">\n\t\t\t\t\t\t\t\t\t<p><span style=\"font-weight: 400;\">Le passage de Fran\u00e7ois Grenier \u00e0 la direction de C\u0153li et Terra a profond\u00e9ment marqu\u00e9, comme en attestent les t\u00e9moignages d\u00e9pos\u00e9s sur un <\/span><span style=\"font-weight: 400;\">mur en ligne<\/span><span style=\"font-weight: 400;\">.\u00a0<\/span><\/p><p><span style=\"font-weight: 400;\">\u00c9coutez, en hommage musical, l\u2019extrait sonore d\u2019un concert dirig\u00e9 par Fran\u00e7ois en novembre 2018, dans le cadre du centenaire de l\u2019armistice de la premi\u00e8re guerre mondiale : <\/span><span style=\"font-weight: 400;\">R\u00e9habilitation de Lo\u00efc Cousin<\/span><span style=\"font-weight: 400;\">.<\/span><\/p><p><span style=\"font-weight: 400;\">Voici, en hommage po\u00e9tique \u00e0 Fran\u00e7ois, un acrostiche \u00e9crit par l\u2019un des chanteurs de C\u0153li et Terra :<\/span><\/p>\t\t\t\t\t\t\t\t<\/div>\n\t\t\t\t\t<\/div>\n\t\t\t\t<\/div>\n\t\t<div class=\"elementor-element elementor-element-edd1ed9 e-flex e-con-boxed e-con e-child\" data-id=\"edd1ed9\" data-element_type=\"container\">\n\t\t\t\t\t<div class=\"e-con-inner\">\n\t\t\t\t<div class=\"elementor-element elementor-element-28fb9b52 elementor-widget elementor-widget-text-editor\" data-id=\"28fb9b52\" data-element_type=\"widget\" data-widget_type=\"text-editor.default\">\n\t\t\t\t\t\t\t\t\t<p><b>F<\/b><span style=\"font-weight: 400;\">allait-il qu\u2019il en soit ainsi ?<\/span><span style=\"font-weight: 400;\"><br \/><\/span><b>R<\/b><span style=\"font-weight: 400;\">isque-t-on sa vie \u00e0 la vivre ?<\/span><span style=\"font-weight: 400;\"><br \/><\/span><b>A<\/b><span style=\"font-weight: 400;\">nge de musique parmi nous,<\/span><span style=\"font-weight: 400;\"><br \/><\/span><b>N<\/b><span style=\"font-weight: 400;\">otre ami s\u2019en est all\u00e9<\/span><span style=\"font-weight: 400;\"><br \/><\/span><b>C<\/b><span style=\"font-weight: 400;\">ausant tristesse et d\u00e9ploration.<\/span><span style=\"font-weight: 400;\"><br \/><\/span><b>O<\/b><span style=\"font-weight: 400;\">\u00f9 qu\u2019il soit maintenant,<\/span><span style=\"font-weight: 400;\"><br \/><\/span><b>I<\/b><span style=\"font-weight: 400;\">l est fatalement mieux<\/span><span style=\"font-weight: 400;\"><br \/><\/span><b>S<\/b><span style=\"font-weight: 400;\">\u2019il l\u2019a d\u00e9cid\u00e9 ainsi.<\/span><\/p><p>\u00a0<\/p><p><b>G<\/b><span style=\"font-weight: 400;\">alaxie chorale,<\/span><span style=\"font-weight: 400;\"><br \/><\/span><b>R<\/b><span style=\"font-weight: 400;\">ecueille son souffle<\/span><span style=\"font-weight: 400;\"><br \/><\/span><b>E<\/b><span style=\"font-weight: 400;\">n ton immortel sein !<\/span><span style=\"font-weight: 400;\"><br \/><\/span><b>N<\/b><span style=\"font-weight: 400;\">e l\u2019oubliez jamais,<\/span><span style=\"font-weight: 400;\"><br \/><\/span><b>I<\/b><span style=\"font-weight: 400;\">nstrumentistes, jouez<\/span><span style=\"font-weight: 400;\"><br \/><\/span><b>E<\/b><span style=\"font-weight: 400;\">t vibrez sous le continuo<\/span><span style=\"font-weight: 400;\"><br \/><\/span><b>R<\/b><span style=\"font-weight: 400;\">ac\u00e9 de ce Fran\u00e7ois-l\u00e0 !<\/span><\/p>\t\t\t\t\t\t\t\t<\/div>\n\t\t\t\t\t<\/div>\n\t\t\t\t<\/div>\n\t\t\t\t\t<\/div>\n\t\t\t\t<\/div>\n\t\t\t\t<div class=\"elementor-element elementor-element-58173483 elementor-widget-divider--view-line elementor-widget elementor-widget-divider\" data-id=\"58173483\" data-element_type=\"widget\" data-widget_type=\"divider.default\">\n\t\t\t\t\t\t\t<div class=\"elementor-divider\">\n\t\t\t<span class=\"elementor-divider-separator\">\n\t\t\t\t\t\t<\/span>\n\t\t<\/div>\n\t\t\t\t\t\t<\/div>\n\t\t\t\t\t<\/div>\n\t\t\t\t<\/div>\n\t\t\t\t<\/div>\n\t\t","protected":false},"excerpt":{"rendered":"<p>Maurice Bourbon Maurice Bourbon, \u00e0 la fois compositeur, chanteur, chef de ch\u0153ur et \u00e9diteur fran\u00e7ais a cr\u00e9\u00e9 les ensembles vocaux regroup\u00e9s par La Chapelle des Flandres. 1983 : cr\u00e9ation de M\u00e9tamorphoses, ensemble\u00a0 vocal professionnel M\u00e9tamorphoses, compos\u00e9 de solistes internationaux, est pens\u00e9 comme un outil d&#8217;interpr\u00e9tation des grandes polyphonies vocales et a pour objectif de travailler [&hellip;]<\/p>\n","protected":false},"author":1,"featured_media":98660,"parent":0,"menu_order":0,"comment_status":"closed","ping_status":"closed","template":"","meta":{"_acf_changed":false,"om_disable_all_campaigns":false,"_monsterinsights_skip_tracking":false,"_monsterinsights_sitenote_active":false,"_monsterinsights_sitenote_note":"","_monsterinsights_sitenote_category":0,"ocean_post_layout":"","ocean_both_sidebars_style":"","ocean_both_sidebars_content_width":0,"ocean_both_sidebars_sidebars_width":0,"ocean_sidebar":"","ocean_second_sidebar":"","ocean_disable_margins":"enable","ocean_add_body_class":"","ocean_shortcode_before_top_bar":"","ocean_shortcode_after_top_bar":"","ocean_shortcode_before_header":"","ocean_shortcode_after_header":"","ocean_has_shortcode":"","ocean_shortcode_after_title":"","ocean_shortcode_before_footer_widgets":"","ocean_shortcode_after_footer_widgets":"","ocean_shortcode_before_footer_bottom":"","ocean_shortcode_after_footer_bottom":"","ocean_display_top_bar":"default","ocean_display_header":"default","ocean_header_style":"","ocean_center_header_left_menu":"","ocean_custom_header_template":"","ocean_custom_logo":0,"ocean_custom_retina_logo":0,"ocean_custom_logo_max_width":0,"ocean_custom_logo_tablet_max_width":0,"ocean_custom_logo_mobile_max_width":0,"ocean_custom_logo_max_height":0,"ocean_custom_logo_tablet_max_height":0,"ocean_custom_logo_mobile_max_height":0,"ocean_header_custom_menu":"","ocean_menu_typo_font_family":"","ocean_menu_typo_font_subset":"","ocean_menu_typo_font_size":0,"ocean_menu_typo_font_size_tablet":0,"ocean_menu_typo_font_size_mobile":0,"ocean_menu_typo_font_size_unit":"px","ocean_menu_typo_font_weight":"","ocean_menu_typo_font_weight_tablet":"","ocean_menu_typo_font_weight_mobile":"","ocean_menu_typo_transform":"","ocean_menu_typo_transform_tablet":"","ocean_menu_typo_transform_mobile":"","ocean_menu_typo_line_height":0,"ocean_menu_typo_line_height_tablet":0,"ocean_menu_typo_line_height_mobile":0,"ocean_menu_typo_line_height_unit":"","ocean_menu_typo_spacing":0,"ocean_menu_typo_spacing_tablet":0,"ocean_menu_typo_spacing_mobile":0,"ocean_menu_typo_spacing_unit":"","ocean_menu_link_color":"","ocean_menu_link_color_hover":"","ocean_menu_link_color_active":"","ocean_menu_link_background":"","ocean_menu_link_hover_background":"","ocean_menu_link_active_background":"","ocean_menu_social_links_bg":"","ocean_menu_social_hover_links_bg":"","ocean_menu_social_links_color":"","ocean_menu_social_hover_links_color":"","ocean_disable_title":"default","ocean_disable_heading":"default","ocean_post_title":"","ocean_post_subheading":"","ocean_post_title_style":"","ocean_post_title_background_color":"","ocean_post_title_background":0,"ocean_post_title_bg_image_position":"","ocean_post_title_bg_image_attachment":"","ocean_post_title_bg_image_repeat":"","ocean_post_title_bg_image_size":"","ocean_post_title_height":0,"ocean_post_title_bg_overlay":0.5,"ocean_post_title_bg_overlay_color":"","ocean_disable_breadcrumbs":"default","ocean_breadcrumbs_color":"","ocean_breadcrumbs_separator_color":"","ocean_breadcrumbs_links_color":"","ocean_breadcrumbs_links_hover_color":"","ocean_display_footer_widgets":"default","ocean_display_footer_bottom":"default","ocean_custom_footer_template":"","footnotes":""},"class_list":["post-99241","page","type-page","status-publish","has-post-thumbnail","hentry","entry","has-media"],"acf":[],"aioseo_notices":[],"_links":{"self":[{"href":"https:\/\/www.lachapelledesflandres.fr\/index.php\/wp-json\/wp\/v2\/pages\/99241","targetHints":{"allow":["GET"]}}],"collection":[{"href":"https:\/\/www.lachapelledesflandres.fr\/index.php\/wp-json\/wp\/v2\/pages"}],"about":[{"href":"https:\/\/www.lachapelledesflandres.fr\/index.php\/wp-json\/wp\/v2\/types\/page"}],"author":[{"embeddable":true,"href":"https:\/\/www.lachapelledesflandres.fr\/index.php\/wp-json\/wp\/v2\/users\/1"}],"replies":[{"embeddable":true,"href":"https:\/\/www.lachapelledesflandres.fr\/index.php\/wp-json\/wp\/v2\/comments?post=99241"}],"version-history":[{"count":8,"href":"https:\/\/www.lachapelledesflandres.fr\/index.php\/wp-json\/wp\/v2\/pages\/99241\/revisions"}],"predecessor-version":[{"id":99249,"href":"https:\/\/www.lachapelledesflandres.fr\/index.php\/wp-json\/wp\/v2\/pages\/99241\/revisions\/99249"}],"wp:featuredmedia":[{"embeddable":true,"href":"https:\/\/www.lachapelledesflandres.fr\/index.php\/wp-json\/wp\/v2\/media\/98660"}],"wp:attachment":[{"href":"https:\/\/www.lachapelledesflandres.fr\/index.php\/wp-json\/wp\/v2\/media?parent=99241"}],"curies":[{"name":"wp","href":"https:\/\/api.w.org\/{rel}","templated":true}]}}